er when 1205 is divided by 3.
2
Calculate the remainder when 32349 is divided by 64.
29
Calculate the remainder when 73745 is divided by 9.
8
Calculate the remainder when 192230 is divided by 161.
157
Calculate the remainder when 248039 is divided by 35.
29
What is the remainder when 2558 is divided by 170?
8
Calculate the remainder when 37165 is divided by 35.
30
What is the remainder when 10500 is divided by 118?
116
Calculate the remainder when 1940270 is divided by 62589.
11
What is the remainder when 4220498 is divided by 1468?
1466
Calculate the remainder when 10495 is divided by 3420.
235
What is the remainder when 43338 is divided by 20?
18
Calculate the remainder when 87765 is divided by 46.
43
What is the remainder when 79103 is divided by 294?
17
What is the remainder when 3306 is divided by 643?
91
What is the remainder when 340 is divided by 230?
110
Calculate the remainder when 6898 is divided by 203.
199
What is the remainder when 406237 is divided by 12310?
7
Calculate the remainder when 249 is divided by 197.
52
What is the remainder when 1457266 is divided by 104090?
6
Calculate the remainder when 3705 is divided by 1823.
59
Calculate the remainder when 465979 is divided by 85.
9
Calculate the remainder when 32537 is divided by 254.
25
Calculate the remainder when 6640 is divided by 1833.
1141
What is the remainder when 19758 is divided by 398?
256
What is the remainder when 14093 is divided by 403?
391
Calculate the remainder when 28016 is divided by 1399.
36
Calculate the remainder when 5950 is divided by 554.
410
Calculate the remainder when 16557 is divided by 34.
33
Calculate the remainder when 1097 is divided by 453.
191
What is the remainder when 777 is divided by 1?
0
What is the remainder when 84268 is divided by 21066?
4
Calculate the remainder when 514 is divided by 206.
102
Calculate the remainder when 5565 is divided by 53.
0
What is the remainder when 5155 is divided by 767?
553
What is the remainder when 69065 is divided by 17232?
137
What is the remainder when 10801 is divided by 329?
273
Calculate the remainder when 33656 is divided by 90.
86
Calculate the remainder when 50273 is divided by 513.
512
What is the remainder when 2174 is divided by 300?
74
Calculate the remainder when 29106 is divided by 36.
18
Calculate the remainder when 644 is divided by 604.
40
What is the remainder when 1029 is divided by 496?
37
What is the remainder when 1552 is divided by 71?
61
Calculate the remainder when 142624 is divided by 211.
199
Calculate the remainder when 47394 is divided by 22.
6
What is the remainder when 24962 is divided by 8317?
11
What is the remainder when 17468 is divided by 96?
92
What is the remainder when 52885 is divided by 11?
8
Calculate the remainder when 13974 is divided by 349.
14
Calculate the remainder when 238129 is divided by 79375.
4
What is the remainder when 9487 is divided by 61?
32
What is the remainder when 3477 is divided by 6?
3
Calculate the remainder when 5617 is divided by 42.
31
What is the remainder when 24631 is divided by 3493?
180
What is the remainder when 338123 is divided by 76?
75
What is the remainder when 1500 is divided by 84?
72
Calculate the remainder when 64387 is divided by 12875.
12
What is the remainder when 43293 is divided by 252?
201
What is the remainder when 298929 is divided by 859?
856
Calculate the remainder when 7138 is divided by 2378.
4
Calculate the remainder when 445817 is divided by 68.
9
Calculate the remainder when 8053 is divided by 139.
130
Calculate the remainder when 150772 is divided by 614.
342
Calculate the remainder when 2133 is divided by 682.
87
What is the remainder when 375970 is divided by 170?
100
Calculate the remainder when 9310 is divided by 12.
10
What is the remainder when 30063 is divided by 97?
90
Calculate the remainder when 1261058 is divided by 54.
50
Calculate the remainder when 1489 is divided by 414.
247
Calculate the remainder when 790 is divided by 101.
83
Calculate the remainder when 47793 is divided by 4.
1
Calculate the remainder when 6028 is divided by 287.
1
What is the remainder when 6932 is divided by 494?
16
What is the remainder when 66583 is divided by 184?
159
Calculate the remainder when 46077 is divided by 412.
345
What is the remainder when 162833 is divided by 209?
22
What is the remainder when 1918 is divided by 476?
14
What is the remainder when 835 is divided by 790?
45
Calculate the remainder when 180417 is divided by 139.
134
What is the remainder when 52631 is divided by 35?
26
What is the remainder when 7237 is divided by 115?
107
Calculate the remainder when 865 is divided by 864.
1
What is the remainder when 200048 is divided by 66659?
71
What is the remainder when 5259 is divided by 17?
6
Calculate the remainder when 35609 is divided by 154.
35
Calculate the remainder when 80311 is divided by 19.
17
What is the remainder when 1841 is divided by 475?
416
Calculate the remainder when 6076 is divided by 6060.
16
Calculate the remainder when 156190 is divided by 34.
28
Calculate the remainder when 508 is divided by 10.
8
What is the remainder when 470079 is divided by 226?
225
What is the remainder when 39987 is divided by 238?
3
Calculate the remainder when 64417 is divided by 61.
1
What is the remainder when 9894 is divided by 66?
60
What is the remainder when 460 is divided by 199?
62
What is the remainder when 1464 is divided by 201?
57
What is the remainder when 1699878 is divided by 56?
54
Calculate the remainder when 56619 is divided by 3144.
27
What is the remainder when 120323 is divided by 13367?
20
Calculate the remainder when 74059 is divided by 5696.
11
Calculate the remainder when 6795 is divided by 127.
64
Calculate the remainder when 15104 is divided by 328.
16
Calculate the remainder when 3760 is divided by 136.
88
What is the remainder when 5543 is divided by 1105?
18
Calculate the remainder when 11556 is divided by 3.
0
What is the remainder when 68866 is divided by 34433?
0
Calculate the remainder when 22306 is divided by 7323.
337
What is the remainder when 106043 is divided by 1277?
52
What is the remainder when 3400 is divided by 1123?
31
Calculate the remainder when 6025 is divided by 44.
41
Calculate the remainder when 5363 is divided by 2275.
813
Calculate the remainder when 21200 is divided by 127.
118
Calculate the remainder when 5360 is divided by 1742.
134
Calculate the remainder when 71314 is divided by 338.
334
Calculate the remainder when 475040 is divided by 118757.
12
Calculate the remainder when 5267 is divided by 21.
17
Calculate the remainder when 1853 is divided by 40.
13
Calculate the remainder when 4257 is divided by 18.
9
What is the remainder when 17278 is divided by 96?
94
What is the remainder when 2277 is divided by 145?
102
What is the remainder when 69409 is divided by 1653?
1636
What is the remainder when 231423 is divided by 798?
3
Calculate the remainder when 299394 is divided by 200.
194
What is the remainder when 714 is divided by 543?
171
What is the remainder when 1154 is divided by 143?
10
Calculate the remainder when 3400 is divided by 282.
16
What is the remainder when 2544 is divided by 445?
319
Calculate the remainder when 4680 is divided by 4668.
12
Calculate the remainder when 3206 is divided by 532.
14
What is the remainder when 68925 is divided by 34457?
11
What is the remainder when 4531 is divided by 916?
867
Calculate the remainder when 1997 is divided by 82.
29
Calculate the remainder when 34537 is divided by 3836.
13
Calculate the remainder when 2847 is divided by 135.
12
Calculate the remainder when 65764 is divided by 58.
50
What is the remainder when 25445 is divided by 37?
26
What is the remainder when 2078 is divided by 624?
206
Calculate the remainder when 46810 is divided by 210.
190
Calculate the remainder when 11057438 is divided by 2559.
2558
Calculate the remainder when 1484727 is divided by 130.
127
What is the remainder when 2993 is divided by 75?
68
What is the remainder when 4651 is divided by 398?
273
What is the remainder when 533150 is divided by 51?
47
Calculate the remainder when 205022 is divided by 34168.
14
Calculate the remainder when 2039 is divided by 57.
44
What is the remainder when 8080 is divided 